number?
True
Let c = 607 + 472. Is -2 + 3 + c - -2 a prime number?
False
Is (-11)/88*-16273*8 a prime number?
True
Suppose 4*n - 6 = f, 7 = -5*n - 3*f + 23. Suppose -8 = j - n. Is (-122)/j*51/1 prime?
False
Suppose 0 = 4*s - 2*l + 10, 16 = -3*s + 2*l + 6. Suppose k + s = 4. Suppose 300 = 2*c + m, -k*c - 8*m + 606 = -3*m. Is c a composite number?
False
Suppose -33 = -0*x + 3*x. Let d(c) = -11499*c - 12. Let t be d(-1). Is t/77 + 2/x composite?
False
Let t be (1 - 1)*(-6 - (-25)/5). Suppose t = -3*u - 5*v + 352, 0 = -u - 5*v + 48 + 86. Is u a prime number?
True
Suppose -171 = -5*b + 4*f, -6*f + f - 175 = -5*b. Suppose 3*o - 103 + b = 0. Is 33/2*o/18 a prime number?
False
Suppose 8*f = 1838 + 1754. Is f prime?
True
Let y(q) = 306*q - 11. Suppose 7*m + 11 = 32. Is y(m) a composite number?
False
Suppose 3*f - 11 = -47. Let i = f - -12. Suppose 4*c = 4*s + s + 1395, i = -5*c - 4*s + 1795. Is c a composite number?
True
Let b(i) = -3*i**3 + 6*i**2 - i + 3. Let u(g) = 7*g**3 - 12*g**2 + 2*g - 5. Let q(l) = -5*b(l) - 2*u(l). Let c be q(6). Is (-2 - (-91)/c) + 0 a prime number?
True
Let u(f) = f - 11. Let m be u(8). Let o be 1 + m + 2 + -631. Is o/(-3) + 12/18 composite?
False
Let m = -18 - -24. Suppose -m*d + 33 = 3. Suppose 0 = -d*r - 2830 + 8175. Is r a prime number?
True
Let r be ((-536)/(-2))/((-4)/8). Let b = r - -827. Is b a prime number?
False
Let k = 6755 + -3854. Is k a composite number?
True
Is 1*((-2)/(-7))/((-86)/(-677551)) prime?
True
Let p be 255270/45 + ((-2)/3 - 0). Let a = 8557 - p. Is a prime?
False
Let j be 189*1*(-6)/(-9). Let a be (-2)/9 + 532/j. Suppose g = 5*c - 1260, c - a*g = 5*c - 984. Is c prime?
True
Suppose -7*p + 19956 = -24361. Is p composite?
True
Let u(k) be the second derivative of -k**5/20 + k**3/3 + 19*k**2/2 - 2*k. Is u(0) a composite number?
False
Suppose 0*s + 1 = s. Is -2*((-1825)/2 + s) composite?
False
Suppose 3*r - 9*u = -13*u + 24639, -u + 32839 = 4*r. Is r a composite number?
False
Suppose -52 = p - 5*p. Suppose p*m + 844 = 15*m. Is m composite?
True
Let u(x) = 720*x - 817. Is u(25) a prime number?
True
Suppose 81 - 2165 = -4*x. Is x a composite number?
False
Let l(f) = -f**3 + 14*f**2 - 3*f - 1. Suppose -76 = 3*s + s. Let x = 32 + s. Is l(x) composite?
True
Let u = -79 + 270. Let r = 453 - u. Is r a prime number?
False
Suppose 14*u + 61603 = 19*u + 3*s, -49312 = -4*u + 5*s. Is u prime?
True
Let v = 2564 + 375. Is v prime?
True
Suppose r = -r - 3*z - 49, -5*z - 74 = 3*r. Let w = r + 27. Suppose 19 = 2*s + 3*a, 2*s + 0*a - 16 = -w*a. Is s prime?
False
Suppose 0 = -2*a + y - 0*y + 10056, -3*a + 15089 = y. Is a a composite number?
True
Suppose 6 + 6 = 4*q. Suppose 5*w + 23 = q*l + 7, -2 = -4*w - 5*l. Is ((-52)/2)/(0 + w) a composite number?
False
Suppose 778 = -2*i + f - 6*f, 0 = 3*i - 4*f + 1121. Let g = i - -716. Is g a composite number?
False
Let d(i) = -16*i**3 - 3*i**2 + 10*i - 21. Let p(t) = 33*t**3 + 5*t**2 - 20*t + 43. Let b(f) = -5*d(f) - 2*p(f). Is b(6) composite?
False
Let d(w) = -55*w + 4. Suppose -2*s - 4*s = 6. Is d(s) prime?
True
Suppose -9*v + v = 7192. Let d = -237 - v. Is d a prime number?
False
Let l(j) = -j**3 + 2*j**2 + j. Let b be l(2). Suppose 3*a + 31 = 4*s, 0 = -b*s + s + 5*a - 5. Is 354/10 - s/25 a composite number?
True
Let v(p) be the first derivative of p**2 - 3*p + 6. Let a be v(3). Suppose a*s - 5*j = -2*j + 384, -s - 2*j + 125 = 0. Is s a composite number?
False
Suppose -23*h = -24*h - 11. Let b(w) = w**3 + 11*w**2 + 13*w + 10. Let f be b(h). Let o = f + 224. Is o a composite number?
True
Let h(v) = 332*v**2 + v + 6. Let y = 53 - 57. Is h(y) a composite number?
True
Suppose 6*q = 5*q. Let j(x) = -x**2 - x + 614. Is j(q) composite?
True
Suppose 2*w + 110 = 7*w. Suppose -3*i = -2*h - w, -3*i + 9 = 2*h - 5. Suppose -419 = 5*s - i*s. Is s a composite number?
False
Let k = 23565 - 4900. Is k composite?
True
Is 14/3 + 5/15 + 14192 a composite number?
False
Let v = -47 + 49. Is 86*(v/3)/((-4)/(-9)) a composite number?
True
Let w(p) = -p - 7. Let v be w(-13). Suppose v = y + y. Suppose -3*i + 444 = -0*i - 3*l, -571 = -4*i - y*l. Is i a composite number?
True
Let v(s) = 55*s**2 + s - 5. Let j be v(-5). Suppose -5*t + j = -425. Is t prime?
False
Let p = 191 + -97. Let i = 401 - p. Is i a prime number?
True
Is (2575/50)/(-3*(-1)/138) prime?
False
Suppose -43*v = -320681 + 14736. Is v composite?
True
Suppose 0 = y - 35 + 31. Suppose 5*c - 2545 = -2*b - 738, y*c = 4*b - 3656. Is b a composite number?
False
Let z = 21 + -69. Let u = z + 58. Is u a prime number?
False
Suppose 5*z = b - 154, 0 = -b + 3 + 1. Is 4/10 + (-15318)/z composite?
True
Suppose 3*i = i + 18. Let s be (-2282)/(-8) - i/36. Suppose -3*o + 468 = -s. Is o prime?
True
Suppose 70 = 5*b - 1740. Suppose -g + 5*g - 368 = -4*d, 4*d = 2*g + b. Is d prime?
False
Suppose -2*u = 4*o + 3*u - 24, -8 = -2*u. Let r(w) = -9*w**3 + w**2 - 2*w + 1. Let k be r(o). Is k/(-27) - 1466/(-3) composite?
True
Is (-3959)/74*(-2 - 32) a composite number?
True
Suppose 0 = -4*l - 3 - 9. Is ((-764)/8)/(l/6) composite?
False
Is 1/(4550220/650030 + -7) composite?
False
Let q be 1*-4*24/(-32). Suppose -6*h + 2301 = -h - 4*a, -1375 = -q*h + a. Is h a prime number?
True
Suppose -r - 3*i + 15058 = 0, -57*i + 58*i + 45144 = 3*r. Is r prime?
False
Let s = 27569 + -8298. Is s a prime number?
False
Let r(k) = 2*k**2 - 13*k + 12. Let y be r(11). Suppose -i + 332 = -y. Is i composite?
False
Suppose 5*f = -3*z + 11916, 0 = -f - f + 4*z + 4782. Is (f/(-60))/(6/(-8)) prime?
True
Suppose 2*k - 2*y - 654 = -254, 0 = -5*k + 3*y + 1004. Suppose -4*w + 2 = -k. Is w a prime number?
False
Let c(a) be the second derivative of a**4/2 - 2*a**3/3 - 11*a**2/2 - 6*a. Let r be c(8). Suppose 0*k = -5*k - 2*s + r, -s + 70 = k. Is k a prime number?
True
Let x be (25/(-10))/((-1)/6). Suppose -j - 3 = 0, 2*w - 3*j - x = -0*w. Suppose -10 = -s + w*d + 1, -81 = -3*s - 3*d. Is s prime?
True
Suppose -4*h - 828 = -4*i, 4*i - 841 = -4*h + 11. Suppose 2*x - 1 = -q, -3*q + 0*x = 4*x - 9. Let v = i - q. Is v a prime number?
False
Let o be (6/(-4))/((-15)/40). Is (-12922)/(-42) + o/(-6) composite?
False
Let k(p) = 22 - 3 + 3*p - 2. Let h be k(-5). Suppose -z - 2*t = -3*z + 2326, h*z + 2*t - 2326 = 0. Is z prime?
True
Suppose -4*d = 7247 - 27835. Is d prime?
True
Let s(d) = 2 - 3 - 6 + 3*d + 0. Suppose 1 = -q + 8. Is s(q) a prime number?
False
Let c(v) be the third derivative of -749*v**6/120 + v**5/60 - v**4/24 - v**3/3 - v**2 - 9*v. Is c(-1) a composite number?
True
Let c(y) = -10*y - 1. Let l be c(-1). Let b = 11 + -8. Suppose 0 = b*k - 3*u - 705, 5*u + l - 507 = -2*k. Is k a composite number?
False
Suppose 0 = -2*c - 4, -9964 = -2*f - 3*c + 6*c. Is f prime?
False
Let v(i) = 61*i - 106. Is v(27) a composite number?
True
Suppose 3*v = g + 3, -6*v - g + 9 = -3*v. Let a(o) = -5 + 28*o + 116*o - 22*o + 49*o. Is a(v) a composite number?
False
Let x(v) = 6*v - 1. Let h(o) = o**2 - 12*o - 4. Let j be h(12). Let b(w) = -3*w - 3. Let d be b(j). Is x(d) prime?
True
Let k(z) = -6*z**3 + 2*z**2 + 2*z + 3. Is k(-3) a prime number?
False
Suppose h + 0*h = 8565. Let z = 27 - 22. Suppose -z*v = -h - 4850. Is v a composite number?
False
Let u be 4/(-10) - 88/(-20). Suppose 0 = -3*h + 6*h + 3*f - 27, 5*h = u*f. Let d(r) = -r**3 + 6*r**2 + 5*r - 3. Is d(h) prime?
False
Let h be (0 - -4)/(4 - 2). Let a(i) = -3*i - 3 + 14*i**2 - i + 5*i + 4. Is a(h) prime?
True
Let g(u) be the third derivative of 0*u + 0 + 9*u**2 + 1/6*u**3 + 5/6*u**4. Is g(8) composite?
True
Let t(q) = -702*q - 61. Is t(-3) composite?
True
Suppose 5*p = 4*z + 3*p + 14, -z + 3*p + 9 = 0. Let j(r) = 13*r**2 + 7*r - 13. Is j(z) composite?
True
Let n be (-1)/(-3) + (-6491)/(-3). Suppose 0 = u + 3*u - n. Is u a composite number?
False
Let q(f) be the third derivative of -f**4/4 + 379*f**3/6 - 38*f**2. Is q(0) a prime number?
True
Suppose 3 - 11 = -2*a. Let b be 42/(-1)*(-2)/a. Let m = b + -2. Is m prime?
True
Suppose 4 = -5*g - 1. Let q(u) = -138*u**3 - u**2. Let o be q(g). Let z = -79 + o. Is z a prime number?
False
Let d(a) = 135*a**2 + 9*a - 59. Is d(-12) prime?
True
Let w be ((-18810)/(-27))/((-2)/(-3)). Let m = w + 292. Is m a prime number?
False
Let l(f) = 38*f**2 + 3*f + 3. Suppose 0 = -10*z + 5*z + 20. Is l(z) prime?
False
Let w = -19 + 126. S